s g(1)?
-27
Let n(q) = -5482*q + 5489. Calculate n(1).
7
Let v(y) = -26*y**3 - 4786*y**2 - 545*y - 32569. Calculate v(-184).
-1
Let n(g) = g**2 - 1386*g + 350647. What is n(333)?
-2
Let m(s) = -41827*s + 460062. What is m(11)?
-35
Let r(m) = 9731*m + 87550. Calculate r(-9).
-29
Let u(z) = -2*z**3 - 75*z**2 - 236*z + 446. Give u(-33).
-1567
Let o(w) = -724*w - 94978. Determine o(-131).
-134
Let x(j) = -201*j - 40111. Calculate x(-215).
3104
Let h(t) = -22*t**2 - 2957*t - 92411. Determine h(-85).
-16
Let k(x) = -x**3 + 35*x**2 + 69*x + 3843. Give k(39).
450
Let a(u) = -3112*u + 189887. What is a(61)?
55
Let z(v) = -22*v - 4480. Calculate z(-172).
-696
Let h(l) = 2*l**3 - 29*l**2 - 14*l - 20. Calculate h(15).
-5
Let m(s) = s**3 - 117*s**2 + 2456*s - 2564. Determine m(90).
-224
Let h(a) = 7*a**3 + 53*a**2 - 44*a - 499. Give h(-7).
5
Let q(t) = 3225*t**2 + 28980*t - 451. Give q(-9).
-46
Let k(q) = -10705*q - 385994. Determine k(-36).
-614
Let c(v) = -867*v**2 - 3294*v + 9. Give c(-5).
-5196
Let g(m) = 1706029*m + 5118049. What is g(-3)?
-38
Let n(w) = -80555*w - 80562. What is n(-1)?
-7
Let d(z) = -80*z**2 + 1302*z - 1729. Give d(15).
-199
Let n(j) = 2076*j + 664400. Calculate n(-320).
80
Let o(m) = 13604*m - 163214. Give o(12).
34
Let m(o) = o**3 - 28*o**2 - 79*o - 219. Determine m(31).
215
Let z(u) = 11609*u - 208156. Calculate z(18).
806
Let k(f) = f**3 + 155*f**2 - 1428*f - 404. Give k(9).
28
Let z(u) = 239923*u - 1199662. What is z(5)?
-47
Let l(w) = w**3 + 32*w**2 + 21689*w + 671224. Give l(-31).
-174
Let j(v) = -92*v**2 - 370*v - 42. Determine j(-4).
-34
Let x(m) = 111*m + 5601. Determine x(-48).
273
Let x(t) = -t**2 + 426676*t - 6. Give x(0).
-6
Let f(p) = -54*p**3 - 14*p**2 + 25*p - 11. What is f(1)?
-54
Let x(r) = r**3 - 7*r**2 - 209*r + 1773. Calculate x(10).
-17
Let z(k) = -3*k**3 + 80*k**2 + 3004*k + 7. Calculate z(-21).
-14
Let o(l) = l**3 + 45*l**2 + 1101*l + 16595. Determine o(-27).
-10
Let c(k) = 26195*k - 183244. Calculate c(7).
121
Let k(f) = -7032*f + 21103. What is k(3)?
7
Let i(g) = g**3 - 1301*g**2 + 7767*g + 8. What is i(6)?
-10
Let h(m) = 4*m**2 + 81*m - 751. Calculate h(-33).
932
Let n(x) = -3670*x - 3170885. Determine n(-864).
-5
Let z(c) = -c**3 - 8*c**2 - 15*c - 19. Give z(-9).
197
Let i(r) = r**3 - 26*r**2 - 419*r + 8507. Determine i(19).
-1981
Let l(x) = 6*x**3 + 445*x**2 - 829*x + 488. Determine l(-76).
-44
Let h(a) = -a**2 + 53*a + 14511. Determine h(-106).
-2343
Let p(l) = 8655*l - 571217. Give p(66).
13
Let y(k) = 14*k**3 - 546*k**2 - 6*k + 234. Give y(39).
0
Let h(w) = 22*w**2 - 617*w + 647. Determine h(27).
26
Let n(g) = 6460*g + 51559. Calculate n(-8).
-121
Let z(a) = 3*a**2 - 95695*a - 191392. Calculate z(-2).
10
Let p(d) = 136*d + 24617. What is p(-181)?
1
Let q(w) = w**3 - 13*w**2 - 24*w + 121. Determine q(7).
-341
Let p(l) = 48*l**2 + 441*l + 889. What is p(-2)?
199
Let b(r) = r**2 - 702*r - 2824. Give b(-4).
0
Let p(h) = -12*h**3 + 31*h**2 - 7*h - 9. Determine p(6).
-1527
Let l(q) = 5*q**2 - 501*q + 2334. What is l(96)?
318
Let k(m) = 3363*m - 111002. Give k(33).
-23
Let w(m) = -m**3 - 81*m**2 - 493*m - 26492. Determine w(-79).
-27
Let q(h) = h**2 + 5931*h + 21. Determine q(0).
21
Let y(m) = m**2 - 175*m - 28250. What is y(-102)?
4
Let n(x) = -2*x**2 + 907*x - 100759. Determine n(259).
-8
Let d(y) = 1182*y - 16802. What is d(14)?
-254
Let n(f) = -72*f - 1481. What is n(-16)?
-329
Let b(x) = 2*x**2 + 13*x + 114. Give b(15).
759
Let f(i) = 2*i**3 - 39521*i**2 + 3031261*i - 157. Determine f(77).
-3
Let p(n) = -n**3 - 77*n**2 - 79*n + 5317. Give p(-75).
-8
Let r(q) = 3*q**2 + 429*q - 14351. Give r(28).
13
Let p(r) = 4*r**3 + 46*r**2 - 676*r + 81. What is p(-20)?
1
Let h(f) = 4*f**2 + 21976*f + 263135. Give h(-12).
-1
Let m(w) = -57*w**3 + 3*w**2 + 38*w + 64. Determine m(-2).
456
Let i(k) = -k**3 - 70*k**2 + 287*k + 10443. Calculate i(-72).
147
Let c(h) = -30305*h + 60610. Give c(2).
0
Let t(z) = -6*z**2 - 53*z + 69. What is t(1)?
10
Let f(a) = -a**3 - 109*a**2 + 628*a + 6689. Determine f(-114).
77
Let i(m) = m**2 - 82*m - 636. Calculate i(90).
84
Let x(q) = -26*q**3 + 16*q**2 + 27*q + 9. What is x(-2)?
227
Let u(i) = 9*i**3 + 2828*i**2 - 2840*i + 20. Give u(1).
17
Let t(o) = -9*o**2 + 1457*o - 1442. What is t(161)?
-154
Let w(z) = -1362*z - 121202. Calculate w(-89).
16
Let w(q) = -2*q**2 - 10669*q + 160503. What is w(15)?
18
Let r(p) = -p**3 + 61*p**2 - 64*p + 280. What is r(59)?
3466
Let x(g) = 22083*g + 131872. Determine x(-6).
-626
Let c(z) = -18*z**2 - 28*z + 403. What is c(13)?
-3003
Let l(z) = -654*z + 78537. Give l(120).
57
Let z(j) = -j**3 - 17*j**2 + 29*j + 871. Give z(-19).
1042
Let l(h) = -h**3 + 18*h**2 + 116*h + 101. What is l(22)?
717
Let d(a) = 1208*a - 25705. Determine d(21).
-337
Let d(l) = 5709*l + 4270320. Give d(-748).
-12
Let g(f) = -104*f**3 + 487*f**2 - 24*f + 92. Calculate g(6).
-4984
Let t(o) = -291*o - 16905. Determine t(-58).
-27
Let p(a) = a**3 + 84*a**2 - 4950*a - 415. What is p(40)?
-15
Let k(o) = -2*o**3 - 1031*o**2 + 1664*o + 592377. What is k(-516)?
9
Let l(q) = 6*q**2 + 19*q - 2841. What is l(-24)?
159
Let y(v) = -3*v**3 - 50*v**2 - 59*v + 220. Calculate y(-15).
-20
Let u(g) = 35*g - 1354. What is u(35)?
-129
Let g(r) = 4*r**2 + 1698*r - 452619. Determine g(-610).
1
Let z(f) = 2065*f - 439915. Calculate z(213).
-70
Let y(p) = 58*p**2 - 15*p - 6. Determine y(-3).
561
Let o(n) = 207*n**2 + 1030*n + 25. Determine o(-5).
50
Let f(n) = -n**3 - 242*n**2 - 1193*n - 32. Calculate f(-5).
8
Let y(p) = 4133*p - 53618. What is y(13)?
111
Let p(u) = -6364*u - 4480257. Give p(-704).
-1
Let o(n) = n**3 + 57*n**2 - 303*n - 17364. Give o(-57).
-93
Let m(j) = -5447*j - 32743. What is m(-6)?
-61
Let g(s) = 20277*s - 8475781. Calculate g(418).
5
Let d(t) = -78*t**3 - 624*t**2 + t + 11. Give d(-8).
3
Let i(c) = 2*c**3 + 863*c**2 + 435*c + 1725. What is i(-431)?
1
Let i(w) = w**3 + 123*w**2 - 521*w - 2027. Give i(-127).
-376
Let o(n) = -6*n**3 + 25*n**2 - 8*n + 554. Give o(0).
554
Let u(g) = 926*g + 19681. What is u(-21)?
235
Let s(w) = 25*w**2 + 784*w + 1009. Give s(-30).
-11
Let t(o) = -12*o**2 + 296*o - 1289. What is t(11)?
515
Let q(a) = a**3 + 16*a**2 + 82*a + 170. Give q(-7).
37
Let u(r) = -44*r**3 - 165*r**2 - 807*r - 25. Calculate u(-5).
5385
Let d(s) = s**3 + 80*s**2 - 25608*s - 2144. Calculate d(125).
-19
Let g(o) = -3*o**3 + 84*o**2 - 137*o + 3832. What is g(28)?
-4
Let t(q) = -q**2 + 1303*q - 58125. Calculate t(47).
907
Let u(r) = -2534*r + 14996. Calculate u(6).
-208
Let l(z) = 2*z**3 + 262*z**2 + 574*z + 7469. Give l(-129).
-13
Let j(r) = -31*r**2 - 299*r - 170. Calculate j(-9).
10
Let o(l) = 21*l**2 + 2696*l + 6176. Determine o(-126).
-124
Let v(o) = 2*o**3 - 4798*o**2 - 48176*o - 11. Give v(-10).
-51
Let h(n) = 16*n**2 + 57*n - 71. Give h(-6).
163
Let f(w) = 3*w**2 + 858*w - 862. Give f(1).
-1
Let w(i) = 130*i**3 + 274*i**2 + 29*i. Give w(-4).
-4052
Let x(n) = -3*n**3 + 5*n**2 + 57*n + 513. Give x(-7).
1388
Let d(c) = c**2 + 269*c + 4752. Determine d(-19).
2
Let x(h) = -8*h**3 + 321*h**2 - 372*h + 13203. Determine x(40).
-77
Let i(g) = 4229*g + 879633. Determine i(-208).
1
Let t(k) = -44*k + 5845. What is t(149)?
-711
Let o(t) = 15*t**2 + 319*t - 970. Determine o(-24).
14
Let f(x) = -356*x - 2843. Give f(-7).
-351
Let i(v) = 2*v**2 + 237*v - 41823. Determine i(97).
-16
Let v(y) = -2187*y + 1010467. Calculate v(462).
73
Let y(f) = 1331*f + 18632. Calculate y(-14).
-2
Let u(f) = -162*f + 21866. What is u(135)?
-4
Let s(a) = -103*a + 4451. Determine s(49).
-596
Let j(t) = -8*t**2 - 1684*t + 40934. What is j(22)?
14
Let m(z) = z**2 + 79*z + 1798. Give m(-38).
240
Let f(c) = 1737*c + 1403. Give f(-2).
-2071
Let v(t) = 6*t**2 + 1256*t + 20544. What is v(-16)?
1984
Let n(g) = -g**3 - 545*g**2 + 11277*g - 12900. What is n(-565)?
95
Let d(s) = s**3 + 676*s**2 - 4837*s - 38246. Determine d(-683).
2
Let w(u) = 7*u + 241. Calculate w(-35).
-4
Let d(r) = 3*r**3 + 29*r**2 + 77*r + 39. Calculate d(-2).
-23
Let g(t) = 2*t**3 - 65*t**2 + 152*t - 207. Calculate g(30).
-147
Let n(i) = -22779*i + 205355. Determine n(9).
344
Let x(u) = -u**2 - 40*u + 1088. Give x(16).
192
Let a(b) = b**3 - 21*b**2 - 28*b + 28. Determine a(10).
-1352
Let t(x) = 411*x + 14286. Calculate t(-35).
-99
Let q(v) = -16*v**